, -v = -27*k + 23*k + 13. Let p be (0 - k) + 55/(-22)*-4. Let f(b) = b**2 - 5*b - 10. Calculate f(p).
14
Suppose -55*b - 19*b + 1184 = 0. Let y(w) = w**2 - 19*w + 48. Determine y(b).
0
Suppose 73*u - 12 = 67*u. Suppose -3*j - u*a + 21 = 0, 0 = 2*j - 4*a - a - 14. Let v(f) = 2*f + 5 - 11 + 0*f. What is v(j)?
8
Let o(a) = -19*a. Let n(x) = -3*x + 1. Let k(m) = 200*m + 5. Let f(y) = -3*k(y) + 15*n(y). Let t(s) = 4*f(s) - 135*o(s). Calculate t(1).
-15
Let t(x) = 3*x - 5. Suppose 2*n = 3*h - 10, 5*n - n = -5*h + 24. Suppose d + 6 = y - 0*d, h*y - 14 = -d. What is t(y)?
7
Let p(r) be the third derivative of 113*r**4/24 + 149*r**3/2 + r**2 + 57*r - 7. Give p(-4).
-5
Let c(x) = x - 3. Let h(s) = 2*s - 8. Suppose 1 = -r + 3. Let l(o) = r*h(o) - 5*c(o). Let w(j) = -3*j + 5. Let v(u) = 2*l(u) - w(u). Calculate v(5).
-2
Let u be (-4)/14 + (-16)/(-7). Let z(s) be the third derivative of 0 + 643*s**2 - 1/6*s**3 - 7/24*s**4 + 0*s. Calculate z(u).
-15
Let r(z) be the second derivative of z**5/120 + z**4/8 + z**3/6 - z. Let j(d) be the second derivative of r(d). Suppose -1 + 1 = -7*m + 104*m. What is j(m)?
3
Suppose 0 = -3*t - 4*l - 17, -3*l + 5 = -t - 4*l. Let x(v) = -v**3 + 2*v**2 + 8*v + 5. What is x(t)?
26
Let d(j) = j**3 + 6*j**2 + 5*j - 1. Let b = -3097 - -3093. What is d(b)?
11
Let s(b) = -3*b**2. Let z be s(1). Let w be 21/(-2)*(-2)/z. Let d(m) be the second derivative of m**3/6 + 7*m**2/2 + 10*m - 34. Calculate d(w).
0
Let u(a) be the second derivative of 1/20*a**5 - a + 1/6*a**4 - a**3 + 1/2*a**2 - 24. Calculate u(-4).
-7
Let x = 64 + -75. Let b(s) = -s**3 - 10*s**2 - 79 + 9*s + 243 - 88 - 88. Calculate b(x).
10
Let r(h) = 337*h - 165*h - 127*h + 3*h**2 - 47. Give r(-15).
-47
Let c(g) = -3906*g**2 + 0 + 3905*g**2 + 2*g**3 + 0 + 1. Suppose d + 3*d - 3*k - 6 = 0, 5*k = 4*d - 10. Let t = d + -1. Determine c(t).
-2
Suppose -7 = -z - 4. Let q(f) = -f**3 + 0*f - z + 2*f + 4*f - 6*f**2 + 2*f. Suppose -2*b - v - 18 = 0, -b + v = 3*v + 15. Calculate q(b).
-10
Suppose -8*s + 3965 - 1589 = 0. Suppose -101*j = -2*j + s. Let d(o) = 4*o**2 + 2*o + 1 + o**3 + 2 - 4. Determine d(j).
2
Let u(a) = 8*a - 76. Let f(z) = z**3 - 27*z**2 - 7*z + 198. Let o be f(27). Calculate u(o).
-4
Let a(q) = -25*q + 51. Suppose 37*n + k - 13 = 33*n, 15 = 3*k. What is a(n)?
1
Let h(x) = x**3 - 18*x**2 + 26*x + 101. Let d(j) = 213*j + 1294. Let u be d(-6). What is h(u)?
5
Let g be (0 + -4)/(4/20). Suppose 22 = 174*j - 175*j. Let y = j - g. Let a(z) = 3*z**2 + 1. What is a(y)?
13
Let k be (-5 + 175/20)/(1/4). Suppose -3*c = -2*y - y + k, 0 = 4*c. Suppose -z = u + y, 5*z + 51 - 6 = -u. Let j(f) = f**3 + 9*f**2 - 12*f - 11. Calculate j(z).
9
Let o(y) = -17 - 10 - 11 + 44 - 11 - y. Suppose -3*l = -4*p - 6*l - 4, 0 = 3*l + 12. Let i be (-2)/(-5) - p/5. Give o(i).
-5
Let c(d) be the third derivative of 0 + 0*d + 0*d**3 + 7/24*d**4 - 1/60*d**5 - 78*d**2. Let s = 10 + -5. What is c(s)?
10
Let r(g) be the first derivative of -3*g**3 + 20*g**2 + 19*g + 655. What is r(5)?
-6
Let t(v) = v**2 + 5*v. Let x(s) = -s**3 + 10*s**2 + 22*s + 27. Let g be x(12). Suppose 5*y + 4 = -4*i - 15, 0 = g*i + 3. Calculate t(y).
-6
Let r(p) = 2*p - 2. Let s be 2*(-4)/48 - 75/(-18). Suppose -7 = -s*a - 31. Let m be 11/(-22) - a/(-4). Determine r(m).
-6
Let k(z) = z**3 + 2*z**2 - z - 1. Let u = 9393 - 9395. Give k(u).
1
Suppose -5*h = 3*u - 62, -8*h + 9*h = -u + 18. Suppose -3*b - g + u = 0, 29*b = 28*b - 5*g + 28. Let m(v) = -3*v**2 + 3*v - 4. What is m(b)?
-22
Let s(v) = -v**2 - 6*v + 45. Let b(y) = y**2 + 7*y - 46. Let p(d) = 6*b(d) + 7*s(d). Suppose -2*u = -5*t - 16, 5*u - 139 + 99 = -t. Calculate p(t).
39
Let c(a) = 146 + 34*a + 168 - 427 - 31*a. Determine c(24).
-41
Let j(b) = -b**2 + 27*b + 42. Suppose -579*r + 2005 = -14207. What is j(r)?
14
Let w(c) = 4*c**3 - 12*c**2 + 8*c + 2. Let y(i) = -7*i**3 + 21*i**2 - 14*i - 4. Let h(m) = -9*w(m) - 5*y(m). Let z(j) = 2*j - 9. Let k be z(6). Calculate h(k).
-4
Let g(n) = 5*n + 1. Suppose -3*z + 66 = -0*z. Suppose 0*o + z = 2*w + 5*o, -4 = w - 5*o. Suppose -7 = -j + h, 2*j + w*h = 3*h - 6. What is g(j)?
16
Let y(f) = -f**3 + 25*f**2 - 17*f - 56. Let k be y(24). Let a = k - 114. Let i(z) = z - 1. Calculate i(a).
-3
Suppose -2 = -479*u + 478*u. Let x(y) = 19*y - 20*y + 1 - 2 - u - 16*y. What is x(-2)?
31
Let x(p) be the first derivative of 195 - 16/3*p**3 - 1/4*p**4 + 13*p - 13/2*p**2. Determine x(-15).
-17
Let l(m) = m**2 + 4*m + 4. Suppose -26*a - 8 + 762 = 0. Suppose a = -11*q - 4. Calculate l(q).
1
Let p be 60/(-150) - (2 + (-44)/10). Let r(q) = -10 - 14*q**p - 2*q + 23*q**2 - 8*q**2. Determine r(4).
-2
Let x(q) = -q**2 - 9*q - 5. Let k be ((-20)/6 + 3)/((-5)/(-30)). Let u be (1 - (-2)/k) + 3 + 1. Let s be (-15)/u - 2/8. Give x(s).
15
Let r(d) = d**2 + 3*d + 2. Let p(b) = b**2 - 25*b - 24. Let s(t) = p(t) + 3*r(t). Calculate s(6).
30
Let h(u) = 0 + 37 - 16 - 13 - u. Calculate h(12).
-4
Let w be (9/(-6) - -2)*-2. Let r(z) be the second derivative of 2*z**4/3 - z**3/3 - z**2/2 - 9745*z. Determine r(w).
9
Let v(l) = l**2 - 3*l + 13. Let u be 105/(-63) - (-1)/(9/60). Determine v(u).
23
Let r(o) be the third derivative of 0 - 1/720*o**6 + 0*o**3 + 0*o + 1/10*o**5 + 11/24*o**4 - 11*o**2. Let t(u) be the second derivative of r(u). Calculate t(6).
6
Let g(s) = -s**3 + 7*s**2 - 7*s + 7. Suppose 125*k = 121*k + 24. Give g(k).
1
Let g(k) = -k + 17. Let s(t) = t**3 - t**2 + 2*t + 6. Let d be s(0). Let a be 6/(-18) + 92/d. Calculate g(a).
2
Let l be (-530)/65 + 6/39. Let j = l + 8. Let f be -4 + 3 + j - 0. Let o(d) = -16*d**2 + d. Determine o(f).
-17
Let v(z) = -z**3 + 5*z**2 - 6*z + 4. Let m(r) be the first derivative of 3*r**4/4 + r**3 + r**2 - 4*r - 5. Let c be m(1). Determine v(c).
-4
Let g(h) be the first derivative of -5*h**3 + 5*h**2/2 - 3*h + 38. Determine g(2).
-53
Let u(q) be the second derivative of q**5/20 - 2*q**4/3 - q**3/3 + 5*q**2 + 20*q. Suppose -3*i - a + 22 = 0, 0 = 3*i - 3*a + a - 28. What is u(i)?
-6
Let i(b) be the second derivative of 1/6*b**3 - 4*b**2 - 10*b - 4. Suppose -5*w + 0 + 40 = 0. What is i(w)?
0
Suppose -b + 10*b - 27 = 0. Let n(i) = 2*i**2 - 4*i - 2. Determine n(b).
4
Let u(m) be the first derivative of 7*m**5/60 - m**4/24 + 5*m**3/3 + 3*m + 54. Let l(f) be the third derivative of u(f). What is l(1)?
13
Let n(d) be the first derivative of 9*d**2/2 + 3*d - 1. Let t be (7 + 22)/(1131/117). Calculate n(t).
30
Suppose -40 = 2*o - 6*o. Let m(d) be the first derivative of -6*d**2 - 230 + 14*d + 1/4*d**4 - 3*d**3. Give m(o).
-6
Let c(k) = -k + 1. Let d be (-9)/(-6)*(-13 - 370/(-30)). Determine c(d).
2
Let r(b) = 133 + 129 - 261 - 4*b. Let a(q) = -q**2 - 6*q + 1. Let p(v) = 2*a(v) - 3*r(v). Give p(-2).
-9
Let m(s) be the second derivative of 3*s - 1/12*s**4 + s**2 + 0 - 1/6*s**3. Suppose 5*y - 27 = -43*u + 44*u, 5*y - 15 = -5*u. What is m(u)?
0
Let p(w) = 3*w - 3. Let k = -45 + 47. Suppose k*y - 9 = 5*y. Determine p(y).
-12
Let q be (36/(-108))/(21/(-18) - -1). Let n(l) = 10*l + 5*l - 9*l + 7*l + 2 - 2*l - l**q. Calculate n(11).
2
Let h(f) = -f + 1. Let z(p) = -6*p**2 - 7*p + 5. Let r(a) = -6*h(a) + z(a). Let s(x) = x**2 + 5*x - 1. Let b = -28 + 23. Let d be s(b). What is r(d)?
-6
Let t(z) = 14*z - 11*z**2 - 16*z + z**3 + 22 - 1 - 23*z**2 + 41. Give t(34).
-6
Let j(m) = 9*m**3 - 16*m**2 - m - 2. Let l(k) = 7*k**3 - 13*k**2 - 1. Let p(b) = -3*j(b) + 4*l(b). Determine p(3).
2
Let b(a) = 0*a - a**2 - 25822 + a + 25829. Give b(-2).
1
Let m(t) = 47*t**3 + 3*t**2 + 26*t - 65. Let o(n) = 35*n**3 + 4*n**2 + 23*n - 64. Let u(g) = 3*m(g) - 4*o(g). Calculate u(7).
-37
Let i(s) = s**2 - 14*s - 8. Let q(j) be the first derivative of -j**2/2 - j + 199. Let p(b) = i(b) - 4*q(b). Calculate p(8).
-20
Let n(i) be the first derivative of 1/2*i**2 - 3*i - 85. Determine n(2).
-1
Let h(a) = 3*a**2 + 20*a + 18. Suppose 3*p + 5*l - 9 = 0, 153*p - 11 = 158*p + 4*l. Determine h(p).
25
Let h(f) = 2*f**2 - f - 3*f**2 + 2 + 2*f**2 - f. Let k = -308 - -335. Suppose 4*j = 2*m - 15 + k, 2*j + m - 2 = 0. What is h(j)?
2
Let n(v) = v**3 - 8*v**2 - v + 7. Suppose -17*q + 4*q + 84 = -q. Calculate n(q).
-49
Let r(z) = -z**3 - 8*z**2 - 9*z - 15. Let l be 1620/(-228) + ((-8)/(-38))/2. What is r(l)?
-1
Let a(l) = 0*l - 1 + 5 + l. Suppose -22 = -5*v + 3*x, -x = 14 - 15. Let h be (-1 - (20/(-